 and n?
7
Suppose -4*n + 26 = 3*s + n, -4*s - 3*n = -42. Suppose 2*u - 218 = -j, -2*j - 10 + 14 = 0. Calculate the greatest common divisor of u and s.
12
Let t = -286 - -288. Calculate the greatest common divisor of 5 and t.
1
Let l be 5 - 2*(5 - 3). Suppose -1 = -4*m - f, 2*f = -2*m - 2*f - 10. What is the greatest common divisor of l and m?
1
Suppose -48*j - 518 = -62*j. What is the greatest common divisor of j and 629?
37
Let a = 9 - 7. Suppose a*q - 32 = -6*q. What is the greatest common factor of q and 8?
4
Let l(a) = -1 + 2 - 384*a + 383*a. Suppose -4 = 3*m - 1. Let d be l(m). What is the greatest common factor of d and 10?
2
Let k(i) = i**2 - 7. Let v be k(3). Suppose v*u + 122 = 4*u + 4*a, -333 = -5*u + 4*a. Calculate the greatest common factor of u and 26.
13
Suppose -21 = -v + 34. Suppose -2*c = -3*d - 29, 5*c + 5*d - 135 = -0*d. Calculate the greatest common factor of v and c.
11
Let n(k) = 2*k**3 + 19*k**2 - 22*k + 8. Let x be n(-10). What is the highest common factor of 32 and x?
32
Suppose 0 = 4*q + 3*l - 369, 33*q = 29*q + 5*l + 409. Calculate the highest common divisor of q and 72.
24
Suppose -z = -4*z + 36. Suppose -2*q + z = -8. What is the greatest common divisor of q and 30?
10
Let f = 162 + -37. Suppose -49*v = 80*v + 94*v - 5575. What is the highest common divisor of v and f?
25
Let t(o) = 52*o + 17. Let r be t(4). What is the highest common divisor of 135 and r?
45
Let d(w) = -4*w - 58. Let m be d(-15). Suppose 2*z = r - 18, r + m*z = 7*z + 15. What is the greatest common divisor of 140 and r?
20
Suppose 4*w + 10055 = -3517. Let t be w/(-27) + (-1)/(-3). Calculate the greatest common factor of t and 14.
14
Suppose -2*x + 42 = 3*a, 0 = 5*x + 29*a - 27*a - 105. What is the greatest common factor of x and 2100?
21
Let u(i) = -2*i + 11*i**3 + i + 10*i**3. Let h(p) = -p**2 + 4*p + 1. Let w be h(4). Let m be u(w). What is the greatest common divisor of m and 60?
20
Suppose 0 = 4*y - 859 + 259. Suppose 0 = -j + 7*j - y. Calculate the highest common divisor of j and 5.
5
Let v(d) = d**2 - 9*d + 32. Let f be v(13). What is the greatest common factor of 12 and f?
12
Let r be 2/(-4) - 38/(-4). What is the highest common factor of 261 and r?
9
Let d(q) = -q - 15. Let u be d(12). Let v be -2 + u/(-12) - 141/(-12). Suppose -77 = -2*t - t - j, -5 = -j. What is the greatest common divisor of t and v?
12
Let v be 34/3 + ((-11)/(-3) - 3). Let g be (9 + -6 - 7/3)*v. Calculate the greatest common divisor of 2 and g.
2
Let u be (-2)/(-8) + (-141)/(-12). Let a be 26/(-8) - 9/u. Let i be -3 + a*(-20)/8. What is the highest common factor of 49 and i?
7
Let x be 51/15 + 9/15. Suppose x*d - 421 + 45 = 0. Suppose -4*k + g = -d, 3*k - 56 = k + 5*g. What is the highest common divisor of k and 46?
23
Let f(d) = -d**3 + 5*d**2 + 4. Let i be f(5). Let n = 6 - i. Let s = -35 - -49. Calculate the greatest common divisor of s and n.
2
Let u be 22 + -1 - 1 - (-4)/(-1). Let j be (-48)/22 + (-4)/(-22). Let k be 23 - (j - -4 - 3). What is the highest common divisor of u and k?
8
Let l = 554 - 538. Calculate the highest common factor of l and 16.
16
Let r be (1/2)/(4/72). Suppose 4*h + 88 = 2*l, 0 = -3*l - 4*h + 112 + 10. Let f be (-12)/l - 65/(-14)*2. Calculate the greatest common factor of f and r.
9
Suppose 4*v + 7 = -x - 5, -v - 20 = -4*x. Let h be x - 4 - 4 - -235. What is the highest common divisor of h and 21?
21
Suppose -4*r = -y - 327, -52 = 47*r - 48*r - 4*y. Let h = -209 - -329. Calculate the highest common factor of r and h.
40
Let c(t) = -114*t**3 + 2*t**2 + 4*t + 1. Let a be c(-2). What is the highest common factor of a and 11?
11
Let m = 23 - 13. Suppose 2*l - 6 - m = 0. Suppose 0*d - 2*d - 2*p + 56 = 0, 0 = -d + 3*p + l. Calculate the highest common divisor of d and 207.
23
Let m = -83 + 139. Let v be 4/(-14) - 459/(-63). Calculate the highest common divisor of v and m.
7
Suppose y - 8*p = -9*p + 150, p = -2*y + 298. Calculate the greatest common factor of 111 and y.
37
Let b = -1303 + 1336. Calculate the greatest common divisor of b and 1.
1
Let x(o) = -6*o + 2*o + o + 6*o**3 + 2*o. Let u be x(1). Suppose -2*r - u*i - 3 = 5, 2*r - 8 = 3*i. Calculate the greatest common divisor of 7 and r.
1
Let b = 86 - 70. Calculate the highest common divisor of 1136 and b.
16
Let u = 147 + -31. Let a = -59 + u. Let b(n) = -2*n**3 - 2*n**2 - 2*n - 4. Let m be b(-3). What is the greatest common factor of a and m?
19
Let m = 2776 - 2695. Calculate the greatest common factor of 18 and m.
9
Suppose -3*k - 5*s = -s - 52, -2*k + 28 = s. What is the highest common factor of k and 48?
12
Suppose 0 = 2*t - 2*s - 141 - 219, -5*s = t - 192. Calculate the highest common factor of t and 195.
13
Let k(w) = 2*w**2 + 3*w + 1. Let b be k(-3). Let u be (-2 + 2)/4 - b. Let d = 18 + u. Calculate the highest common factor of 64 and d.
8
Suppose -2*s + 5*s = 0. Suppose 5*v + s*w + 4*w = 700, -549 = -4*v - w. Let j = -72 + v. What is the greatest common divisor of 8 and j?
8
Let w(s) = s**3 + 10*s**2 + 10*s - 7. Let d be w(-8). Suppose -u - 3*u + 152 = 5*f, -u + d = 2*f. What is the highest common divisor of 3 and u?
3
Let i be (2*3/24)/((-27)/(-36))*6. Let o(l) = l**2 + 1. Let z be o(1). What is the highest common divisor of i and z?
2
Let i = 9 + 22. Calculate the highest common divisor of i and 248.
31
Let c be (-2 - 3)*-244 + (-95)/(-19). What is the greatest common factor of 50 and c?
25
Let g(t) = 2*t**2 - 6*t - 1. Let b be g(4). Calculate the greatest common factor of 91 and b.
7
Let k(p) = -p**3 + 8*p**2 - 13*p + 8. Let n be k(6). Let v be (-10)/(-12)*n*3. Suppose v*b - 157 = 643. Calculate the greatest common factor of b and 32.
32
Suppose 3*i + 1596 = 2*d, 2*i = 5*d - 545 - 530. Let n be i/(-40) + ((-5)/4 - -1). Calculate the greatest common divisor of 65 and n.
13
Let b be 2/(-15) + (-94)/(-30). Suppose b*u - 78 = u. Calculate the highest common divisor of u and 13.
13
Let y = 10 - 7. Let c be 2/y + 172/(-6). Let s = c + 92. Calculate the highest common divisor of s and 8.
8
Let q(y) = 4*y**2 + 124*y - 108. Let l be q(-32). Let i be (5/(-3))/((-2)/12). What is the greatest common factor of i and l?
10
Let j be (-16)/(46/(-69)*(-3)/(-4)). Calculate the highest common divisor of 3232 and j.
32
Let n = -34 - -41. Let f be 2/(((-14)/(-9))/n). What is the highest common factor of f and 9?
9
Let i be (-89)/(-267)*(3 - 0/2). Calculate the highest common divisor of i and 1.
1
Suppose -24*s + 659 + 421 = 0. Calculate the highest common factor of 153 and s.
9
Let z = -9 + 5. Let d be -12 - (0 + (2 - -2)). Let s be -2 + 8/z - d. Calculate the greatest common factor of 4 and s.
4
Suppose 0 = 2*a - s + 3, -5*a + 3*s - 12 = -3. Suppose a = -2*b + 3*z + 116, -2*z + 0*z - 279 = -5*b. What is the greatest common factor of 5 and b?
5
Let i be (-2 - -6)*1/2. Let k be (i/(-6))/((-3)/1161). Suppose b + 5*y = 73, 4*b - b = 3*y + k. What is the highest common divisor of b and 6?
6
Let s(w) = w - 4. Let j be s(8). Let p be (2/(-4))/((-2)/j). Suppose 0*a - 5*d - 23 = -2*a, 2*d = 4*a - 38. What is the greatest common factor of p and a?
1
Suppose -2*h = 8, -2*h + h + 152 = 3*b. Let s be (b/20 + -3)*5. Let c = s + 19. Calculate the greatest common factor of c and 153.
17
Let c be 2/(-7) - (-16)/7. Let v(p) = -3*p**2 - 22*p + 9. Let j be v(-7). What is the highest common factor of c and j?
2
Let o be 5 - -7 - (6 - 3). Calculate the highest common factor of 9 and o.
9
Let o be 231*3/9 + (-4)/(-4). What is the greatest common factor of 390 and o?
78
Let i be 76/8*(-2 + 4). Let w = 20 - i. Let u be (-134)/(-1) + (-1 - w). Calculate the greatest common divisor of 12 and u.
12
Let b = -224 + 252. Calculate the greatest common divisor of 70 and b.
14
Let z(q) = 7*q - 64. Let y be z(10). Calculate the greatest common factor of y and 12.
6
Let y = 1416 - 910. What is the greatest common divisor of y and 46?
46
Suppose -y + 1 = f - 16, 75 = 3*y - 5*f. Calculate the greatest common divisor of y and 920.
20
Let r(k) = -k - 4. Let n be r(-2). Let i(u) = -30*u**2 + u + 2. Let y be i(n). Let m = y - -176. Calculate the greatest common factor of 7 and m.
7
Suppose -4*k - 9 = -k, -4*n + 20 = 4*k. Suppose -o + 3 = -n. Let f = -7 + o. Calculate the greatest common divisor of 2 and f.
2
Let q(a) = 2*a**2 + 12*a -